{"id":62,"date":"2014-04-04T16:47:56","date_gmt":"2014-04-04T14:47:56","guid":{"rendered":"http:\/\/galjavranesevic.com\/wp\/?page_id=62"},"modified":"2025-04-18T01:12:43","modified_gmt":"2025-04-17T23:12:43","slug":"ueber","status":"publish","type":"page","link":"http:\/\/galjavranesevic.com\/?page_id=62","title":{"rendered":"\u00dcber"},"content":{"rendered":"\n\t\t\t<div id=\"62-1\" class=\"gallery gallery-62 gallery-col-1 gallery-columns-1 gallery-size-post-thumbnail\" itemscope itemtype=\"http:\/\/schema.org\/ImageGallery\">\n\t\t\t\t\t<figure class='gallery-item col-1' itemprop='associatedMedia' itemscope itemtype='http:\/\/schema.org\/ImageObject'>\n\t\t\t\t\t\t<div class='gallery-icon portrait'><a href='http:\/\/galjavranesevic.com\/wp-content\/uploads\/2014\/04\/color1-e1398632870924.jpg' itemprop=\"contentURL\"><img width=\"130\" height=\"131\" src=\"http:\/\/galjavranesevic.com\/wp-content\/uploads\/2014\/04\/color1-e1398632870924.jpg\" class=\"attachment-post-thumbnail size-post-thumbnail colorbox-62 \" alt=\"\" loading=\"lazy\" srcset=\"http:\/\/galjavranesevic.com\/wp-content\/uploads\/2014\/04\/color1-e1398632870924.jpg 543w, http:\/\/galjavranesevic.com\/wp-content\/uploads\/2014\/04\/color1-e1398632870924-150x150.jpg 150w, http:\/\/galjavranesevic.com\/wp-content\/uploads\/2014\/04\/color1-e1398632870924-297x300.jpg 297w\" sizes=\"(max-width: 130px) 100vw, 130px\" itemprop=\"thumbnail\" \/><\/a><\/div>\n\t\t\t\t\t<\/figure>\n\t\t\t<\/div><!-- .gallery -->\n\n<p><strong>Galja Vranesevic<\/strong><br \/>\nGalja begann Ihre Yogapraxis im Alter von 10 Jahren in einer kleinen Yogaschule in Novi Sad im heutigen Serbien. Sie etablierte schnell eine eigene Yogapraxis um ihre T\u00e4tigkeit als professionelle Konzertpianistin zu unterst\u00fctzen. 2005 entdeckte sie Vinyasa Yoga und war sofort begeistert von der offenen Struktur und Bewegungsvielfalt, die sie in diesem flie\u00dfenden Yogastil f\u00fcr sich entdeckte. Neben den zahlreichen Fortbildungen in den unterschiedlichsten Yoga Traditionen und Richtungen, hat sie 2007 die Ayurveda Massage Ausbildung, sowie die schamanische Ausbildung 2015 absolviert. Seit Jahren besch\u00e4ftigt sie sich mit der vedischen Astrologie und hat 2 Jahre Parasara Jyotisa Course in der Sri Achyutananda Tradition besucht. Die EFT (Emotional Freedom Technique) Level 1-2 hat sie 2022 bei Michael Hetherington gelernt und 2023 das Qigong Mentorship Programm mit Mimi Kuo-Deemer abgeschlossen.<\/p>\n<p>Galja arbeitet seit 19 Jahren in K\u00f6lns gro\u00dfen Yogastudios. Dar\u00fcber hinaus leitet sie Workshops und Retreats, sowie Fortbildungen im Bereich Vinyasa Yoga und Energie Anatomie deutschlandweit und international. Durch ihre innere F\u00fchrung geht sie auf die Bed\u00fcrfnisse der Gruppe ein und integriert die Prinzipien unterschiedlicher spiritueller und mystischer Traditionen und Modalit\u00e4ten der Heilung. Ihr Toolbox ist breit gef\u00e4chert und beinhaltet die Lehren aus Ayurveda, TCM, Qigong, Astrologie, Kundalini Yoga, Energielehre, und EFT.\u00a0 Diese metaphysischen Konzepte in Verbindung mit der Asanapraxis f\u00f6rdern die Erfahrung den K\u00f6rper als Einheit mit Geist und Seele zu erleben.<\/p>\n<p>Ein Schwerpunkt in Galjas Arbeit ist die Idee des unbegrenzten Potentials, welches jeder in sich tr\u00e4gt. Das Potential, das nicht nur zu unserer eigenen Heilung f\u00fchrt, sondern auch auf globaler Ebene. Sie vermittelt ihren Sch\u00fclern die Einheit jedes Einzelnen mit dem gro\u00dfen Ganzen.<\/p>\n<p>Momentan bietet sie Online die ganzheitlichen astrologischen Sitzungen.<\/p>\n","protected":false},"excerpt":{"rendered":"<p>Galja Vranesevic Galja begann Ihre Yogapraxis im Alter von 10 Jahren in einer kleinen Yogaschule in Novi Sad im heutigen Serbien. Sie etablierte schnell eine eigene Yogapraxis um ihre T\u00e4tigkeit <a href=\"http:\/\/galjavranesevic.com\/?page_id=62\" class=\"more-link\">[&hellip;]<\/a><\/p>\n","protected":false},"author":1,"featured_media":125,"parent":0,"menu_order":1,"comment_status":"closed","ping_status":"closed","template":"","meta":{"Layout":""},"wps_subtitle":"","_links":{"self":[{"href":"http:\/\/galjavranesevic.com\/index.php?rest_route=\/wp\/v2\/pages\/62"}],"collection":[{"href":"http:\/\/galjavranesevic.com\/index.php?rest_route=\/wp\/v2\/pages"}],"about":[{"href":"http:\/\/galjavranesevic.com\/index.php?rest_route=\/wp\/v2\/types\/page"}],"author":[{"embeddable":true,"href":"http:\/\/galjavranesevic.com\/index.php?rest_route=\/wp\/v2\/users\/1"}],"replies":[{"embeddable":true,"href":"http:\/\/galjavranesevic.com\/index.php?rest_route=%2Fwp%2Fv2%2Fcomments&post=62"}],"version-history":[{"count":35,"href":"http:\/\/galjavranesevic.com\/index.php?rest_route=\/wp\/v2\/pages\/62\/revisions"}],"predecessor-version":[{"id":1962,"href":"http:\/\/galjavranesevic.com\/index.php?rest_route=\/wp\/v2\/pages\/62\/revisions\/1962"}],"wp:featuredmedia":[{"embeddable":true,"href":"http:\/\/galjavranesevic.com\/index.php?rest_route=\/wp\/v2\/media\/125"}],"wp:attachment":[{"href":"http:\/\/galjavranesevic.com\/index.php?rest_route=%2Fwp%2Fv2%2Fmedia&parent=62"}],"curies":[{"name":"wp","href":"https:\/\/api.w.org\/{rel}","templated":true}]}}

Über

<div id="62-1" class="gallery gallery-62 gallery-col-1 gallery-columns-1 gallery-size-post-thumbnail" itemscope itemtype="http://schema.org/ImageGallery">
					<figure class='gallery-item col-1' itemprop='associatedMedia' itemscope itemtype='http://schema.org/ImageObject'>
						<div class='gallery-icon portrait'><a href='http://galjavranesevic.com/wp-content/uploads/2014/04/color1-e1398632870924.jpg' itemprop="contentURL"><img width="130" height="131" src="http://galjavranesevic.com/wp-content/uploads/2014/04/color1-e1398632870924.jpg" class="attachment-post-thumbnail size-post-thumbnail colorbox-62 " alt="" loading="lazy" srcset="http://galjavranesevic.com/wp-content/uploads/2014/04/color1-e1398632870924.jpg 543w, http://galjavranesevic.com/wp-content/uploads/2014/04/color1-e1398632870924-150x150.jpg 150w, http://galjavranesevic.com/wp-content/uploads/2014/04/color1-e1398632870924-297x300.jpg 297w" sizes="(max-width: 130px) 100vw, 130px" itemprop="thumbnail" /></a></div>
					</figure>
			</div><!-- .gallery -->

<p><strong>Galja Vranesevic</strong><br />
Galja begann Ihre Yogapraxis im Alter von 10 Jahren in einer kleinen Yogaschule in Novi Sad im heutigen Serbien. Sie etablierte schnell eine eigene Yogapraxis um ihre Tätigkeit als professionelle Konzertpianistin zu unterstützen. 2005 entdeckte sie Vinyasa Yoga und war sofort begeistert von der offenen Struktur und Bewegungsvielfalt, die sie in diesem fließenden Yogastil für sich entdeckte. Neben den zahlreichen Fortbildungen in den unterschiedlichsten Yoga Traditionen und Richtungen, hat sie 2007 die Ayurveda Massage Ausbildung, sowie die schamanische Ausbildung 2015 absolviert. Seit Jahren beschäftigt sie sich mit der vedischen Astrologie und hat 2 Jahre Parasara Jyotisa Course in der Sri Achyutananda Tradition besucht. Die EFT (Emotional Freedom Technique) Level 1-2 hat sie 2022 bei Michael Hetherington gelernt und 2023 das Qigong Mentorship Programm mit Mimi Kuo-Deemer abgeschlossen.</p>
<p>Galja arbeitet seit 19 Jahren in Kölns großen Yogastudios. Darüber hinaus leitet sie Workshops und Retreats, sowie Fortbildungen im Bereich Vinyasa Yoga und Energie Anatomie deutschlandweit und international. Durch ihre innere Führung geht sie auf die Bedürfnisse der Gruppe ein und integriert die Prinzipien unterschiedlicher spiritueller und mystischer Traditionen und Modalitäten der Heilung. Ihr Toolbox ist breit gefächert und beinhaltet die Lehren aus Ayurveda, TCM, Qigong, Astrologie, Kundalini Yoga, Energielehre, und EFT.  Diese metaphysischen Konzepte in Verbindung mit der Asanapraxis fördern die Erfahrung den Körper als Einheit mit Geist und Seele zu erleben.</p>
<p>Ein Schwerpunkt in Galjas Arbeit ist die Idee des unbegrenzten Potentials, welches jeder in sich trägt. Das Potential, das nicht nur zu unserer eigenen Heilung führt, sondern auch auf globaler Ebene. Sie vermittelt ihren Schülern die Einheit jedes Einzelnen mit dem großen Ganzen.</p>
<p>Momentan bietet sie Online die ganzheitlichen astrologischen Sitzungen.</p>

<p>Galja Vranesevic Galja begann Ihre Yogapraxis im Alter von 10 Jahren in einer kleinen Yogaschule in Novi Sad im heutigen Serbien. Sie etablierte schnell eine eigene Yogapraxis um ihre Tätigkeit <a href="http://galjavranesevic.com/?page_id=62" class="more-link">[&hellip;]</a></p>
